14. Suppose 0 = 2*r - 4*o - 118, r - o - p*o - 65 = 0. What is the remainder when r is divided by 7?
4
Let a(n) = 32*n**2 + 19*n - 55. What is the remainder when a(6) is divided by 25?
11
Let u = -259 + 366. Let s = -92 + u. Suppose 343 = 3*h + 2*l, h + 21 - 118 = -5*l. What is the remainder when h is divided by s?
12
Let q(d) = -2*d**3 - 2 - d - 13 - 2 - 22*d**2 + d**3. Let b be q(-22). Suppose -20*i + b = -15*i. What is the remainder when 1 is divided by i?
0
What is the remainder when 339 is divided by ((-5)/(-10 + 5))/((-2607)/326 + 8)?
13
Calculate the remainder when (-5 + (-2822)/(-10))*5/2 is divided by 18.
9
Let l = -633 + 626. Let a(m) = -8*m + 77. What is the remainder when a(l) is divided by 35?
28
Suppose -1785 = -30*j - 15*j + 24*j. What is the remainder when 4672 is divided by j?
82
Let x(v) = v**3 + 18*v**2 - 61*v + 42. Let h be x(-21). Suppose h = -12*a + 15*a - 51. Let o = -8 - -14. What is the remainder when a is divided by o?
5
What is the remainder when 5708/12 + (10 - 130/15) is divided by 20?
17
Let j be (-250)/(-4)*(-72)/(-45). Suppose 2*a + 5*w = -2*a + 76, j = 5*a + 5*w. What is the remainder when 68 is divided by a?
20
Suppose 0 = -10*y + 13*y - 6, -5*y - 30 = -5*g. What is the remainder when 247 is divided by g?
7
Let h = 299588 - 299247. Suppose 4*s - 270 = -2*v, 2*v + 2*v - 126 = -2*s. What is the remainder when h is divided by s?
65
Suppose 21*m - 1167 = 1542. Suppose -o + 3*o - 48 = 0. Calculate the remainder when m is divided by o.
9
Suppose -3*q + 2 = -g, 47*g - 3*q = 45*g + 8. What is the remainder when (300/(-40))/(g/(-72)) is divided by 15?
9
Let l = 357 + -176. Suppose -83*c + 75*c + 232 = 0. Calculate the remainder when l is divided by c.
7
Let b = 2916 + -2900. Calculate the remainder when 45 is divided by b.
13
Let u(f) = -f**2 + 234*f - 2719. What is the remainder when 2463 is divided by u(13)?
153
Let m = -11 + 15. Suppose -2*f + 0 = -m. Suppose 0 = -t - 3*b + 20, 116 = 4*t + f*b + b. Calculate the remainder when 92 is divided by t.
28
Let k = -3 + 13. Calculate the remainder when 80 is divided by k.
0
Suppose -8 = -f + 16. Suppose -b + 2*w = -101, 10*w + 495 = 4*b + 15*w. Calculate the remainder when b is divided by f.
19
Calculate the remainder when 1792 is divided by (3/1)/((-346)/(-17300)).
142
Let m = 57 - 50. Suppose -4*i = -m*i + 45. Suppose 4*q = -l + 15, i = 3*l - 4*q - 30. Calculate the remainder when l is divided by 5.
0
Let r(x) = -x**3 - 23*x**2 + 31*x + 207. Calculate the remainder when 172 is divided by r(-24).
16
Suppose 5*k - 5*t = 285, k + 3*t + 2*t = 69. Let h(w) = -w**2 + 15*w - 44. Suppose 63 = 8*x + x. Calculate the remainder when k is divided by h(x).
11
Let q(w) = w**2 - 14*w - 3. Let v be q(14). Let r = 23 - v. What is the remainder when r is divided by 6*5/10 - -4?
5
Suppose g = -3*u - 203, -4*g - 491 - 303 = 3*u. Calculate the remainder when g/(-5) - (-30)/(-75) is divided by 22.
17
Suppose -5*y + 196 = -3*d, 2*d - 5*y = -98 - 41. Let s = d + 90. Let l(m) = 79*m**2 + 301*m + 1. What is the remainder when l(-4) is divided by s?
28
Let a(d) = -d + 36. Let g(o) = 10*o - 84. Let y be g(9). What is the remainder when a(y) is divided by 8?
6
Calculate the remainder when 383 is divided by 32/(-80) + 8124/60.
113
Let o = -181 - -180. What is the remainder when 7 is divided by (7 + -2 - 0)*o/(-5)?
0
Suppose -2*m + 285 = -141. Let l = m + -142. What is the remainder when l is divided by ((-38)/4)/(2/(-4))?
14
Let v(y) = 3*y**2 - y - 2. Suppose 0 = -7*f + 690 - 2020. Let j = f + 201. Calculate the remainder when v(4) is divided by j.
9
Suppose 2*h = -2*t + 796, 796 = 3*h - h - 3*t. What is the remainder when h is divided by 38?
18
Let m(u) = 3*u**2 - 17*u + 32. Let d be m(-13). Suppose 4*v = -5*t + 3*t + d, -3*t + 1144 = 4*v. What is the remainder when t is divided by 35?
34
Let w be ((-50)/20)/((-5)/12). Suppose 4535 - 869 = w*s. Calculate the remainder when s is divided by 36.
35
Let g = 841 + -670. Calculate the remainder when g is divided by 34.
1
Let r = 75 - -266. Calculate the remainder when r is divided by 18.
17
Suppose 28 = 4*d - 3*p, 4*d + p - 5 = 7. Suppose -d*b = -0*m - m - 3, 0 = 3*m + 5*b - 8. What is the remainder when 4 is divided by m?
0
Suppose 3*r - 1 - 16 = 5*z, -3*z - 27 = -3*r. Suppose -9*s + r*s - 559 = -3*x, 101 = s - 3*x. What is the remainder when s is divided by 38?
34
Let q = -3190 - -4817. Suppose -18*o + 1037 + q = 0. Calculate the remainder when o is divided by 39.
31
Let g = 130 + -89. Let d = -4275 - -4314. Calculate the remainder when g is divided by d.
2
Let d(n) = 3*n**3 + 417*n**2 - 421*n + 336. Calculate the remainder when d(-140) is divided by 48.
44
Let g = 1288 + -1275. Calculate the remainder when 399 is divided by g.
9
Suppose 45*f - 38*f = -490. Suppose -4*u - 1094 = -5*g, 3*g = u + u + 656. Calculate the remainder when g is divided by f/(-3) + (-184)/138.
20
Let l(s) = -115*s + 1. Calculate the remainder when l(-2) is divided by 35 + -2*(-8 + 11 + -5).
36
Let a = 15427 - 15119. Calculate the remainder when a is divided by 301.
7
Let k(y) = 2*y**2 - 6*y + 7. Let r be k(4). Suppose 5*s + r = 8*s. Calculate the remainder when 18/4*13/((-234)/(-48)) is divided by s.
2
Let i = -70 + 39. Let p = i - -65. Let l(w) = 2*w - 15. What is the remainder when p is divided by l(12)?
7
Let v(h) = -15*h**2 - 243*h - 9. Let c = 424 + -274. Calculate the remainder when c is divided by v(-16).
33
Let r = 533 - 366. Suppose -j = r - 341. Calculate the remainder when j is divided by 25.
24
Suppose 0*r = r. Suppose -b + 5*z + 19 = 0, r*b - 3*z + 64 = 2*b. Suppose -907*y = -815*y - 10488. What is the remainder when y is divided by b?
27
Let q = 565 - 519. Calculate the remainder when 824 is divided by q.
42
Let l = -39 - -104. Calculate the remainder when l is divided by 2*248/32 - (-2)/(-4).
5
Suppose 0 = -5*p - 5*k + 80, 2*p = 6*p + 2*k - 56. Suppose -6*h - p = -7*h. What is the remainder when 21 is divided by h?
9
Suppose 3*o - 52 = -52. Let s(a) = -9*a + 64. What is the remainder when s(o) is divided by 10?
4
Suppose 77*f + 21 = 80*f. Suppose -5 + f = -2*d. What is the remainder when 19 is divided by 2 + 0/d + 2?
3
Let v = 164 - 21. Let x = -877 + 889. What is the remainder when v is divided by x?
11
Let y = -21633 + 25741. What is the remainder when y is divided by 71?
61
Suppose 0 = 2*y + 9 - 155. Suppose 50 = 2*t + 3*s, 10*s - 6*s = -16. Calculate the remainder when y is divided by t.
11
Suppose 936 + 9 = 9*m. Let x = -1409 - -1429. What is the remainder when m is divided by x?
5
Let p = 17 + -31. Let r = p - -24. Let h = -17026 - -17062. What is the remainder when h is divided by r?
6
Suppose 109*c - 1394 = 11032. What is the remainder when c is divided by 105?
9
Suppose 0*q + 2*d = -4*q - 3082, 0 = 5*q + d + 3857. Let j be q/10 - (8/(-10))/4. Let i = j + 90. Calculate the remainder when 50 is divided by i.
11
Let c = 21 + -35. Let d be (-32)/c + 2/(-7). Suppose 3*s - d*i = 47, -i + 38 = 2*s - 4*i. Calculate the remainder when s is divided by 8.
5
Let b(v) = 2*v**3 + 27*v**2 + 18*v + 19. Let l(o) = -o**3 + 1. Let t(z) = b(z) + 4*l(z). Calculate the remainder when t(14) is divided by 46.
33
Let y = 4845 + -4809. Calculate the remainder when 1147 is divided by y.
31
Let q = 107 - 67. Suppose q = n + 32. Suppose 5*z - 2*z - 49 = 4*a, 4*a = 5*z - 79. What is the remainder when z is divided by n?
7
Suppose -109*b + 105*b = -52. What is the remainder when 148 is divided by (b + 5)/(-6)*46/(-6)?
10
Let f be (-1654)/(-8) + (-12)/(-48). Suppose -167 = -2*y + f. What is the remainder when y is divided by 63?
61
Let j(p) = -28*p**2 + 51*p**3 - 52*p**3 - 2*p - 11 - 17. What is the remainder when j(-28) is divided by 12?
4
Suppose 11*t - 87 - 4225 = 0. Let p = t - 138. Calculate the remainder when p is divided by 87.
80
Suppose 41*c - 44*c = -2*f - 85, -125 = -5*c - 5*f. What is the remainder when ((-12)/(-18))/(2/477) is divided by c?
24
Let f(s) = 7*s - 6. Let c be f(5). Suppose -c - 1 = -6*a. Let m(j) = 5*j - 9. What is the remainder when 62 is divided by m(a)?
14
Suppose -429318 = -67*m - 52*m - 3*m. What is the remainder when m is divided by 40?
39
Suppose -617 - 203 - 580 = -175*j. Suppose -36 = -0*o - 4*o. Calculate the remainder when o - (1 + 3/(-1)) is div